e greatest common divisor of 46 and n.
23
Suppose y + 3*n - 5 = 18, -y + 3*n = -41. Calculate the highest common divisor of y and 8.
8
Let a(p) = 9*p - 104. Let w be a(14). Calculate the greatest common factor of w and 253.
11
Let z(a) = -a**3 + 22*a**2 + 29*a - 135. Let c be z(23). Let t = 5 - 3. Suppose 0 = -4*y, -t*y + 12 = 4*r - 0. What is the highest common factor of c and r?
3
Let g be 33/165 + (267/5)/3. Let a = 2 + -2. Suppose -o = -a*o - 27. Calculate the highest common divisor of g and o.
9
Let d be ((-28)/(-21))/((-1)/(-24)). Suppose -s - s = -632. Suppose 4*q - s = 4. What is the greatest common divisor of q and d?
16
Let j be 496/24*3/1. Suppose 3*d - 165 = -5*y + 5*d, -4*y + d + 129 = 0. Calculate the highest common factor of y and j.
31
Let g = -79 - -142. What is the highest common factor of 27 and g?
9
Let w(i) = i**3 + 8*i**2 - 68*i + 6. Let s be w(-13). Suppose -2*b = -2*g + 3*b - 15, -b = -3*g + 10. What is the greatest common divisor of g and s?
5
Let p(k) = -k**2 - 15*k + 30. Let o(i) = -3*i**2 - 7*i + 5. Let y be o(-4). Let m be p(y). Calculate the greatest common factor of m and 10.
10
Let h(x) = 4*x + 7. Let p(i) = -12*i - 19. Let a(j) = -7*h(j) - 2*p(j). Let g be a(-9). What is the highest common divisor of g and 5?
5
Let z(n) = 5*n**2 - 7*n - 5. Let b be z(5). Let l = b - 75. Calculate the greatest common divisor of l and 40.
10
Let n = 100 - 46. Let d(y) = 6 + 8 - 5 + 3*y**2 - 5*y + 2*y. Let x be d(7). What is the highest common divisor of x and n?
27
Let w = 240 - -49. What is the highest common divisor of 51 and w?
17
Let a(l) be the first derivative of l**4/4 + 8*l**3/3 - 19*l**2/2 + 13*l + 9. Let h be a(-10). Calculate the highest common divisor of h and 3.
3
Let b = -237 + 255. Calculate the greatest common factor of b and 90.
18
Let k(p) = p**3 + 10*p**2 + 10*p - 25. Let z be k(-11). Let l = z - -454. What is the highest common divisor of l and 18?
18
Suppose -8*a - 3*n - 277 = -13*a, 3 = 3*n. Calculate the highest common factor of a and 21.
7
Let i(r) be the first derivative of -r**4/4 + r**2 - 6*r - 24. Let p be i(-4). What is the greatest common divisor of p and 25?
25
Suppose 3*s + 5*v = 6, -2*s - 2*v = 1 - 5. Suppose 0 = j + 3, -3*u - 2*j + 8 = 11. What is the highest common divisor of s and u?
1
Suppose 127*y + 17748 = 156*y. What is the greatest common divisor of 136 and y?
68
Let c = 2347 + -2311. What is the greatest common factor of 1494 and c?
18
Suppose 3*f - 15 = -10*c + 7*c, 2*c + f = 11. What is the highest common factor of c and 1074?
6
Let t be 2414/26 - 16/(-104). Suppose 0 = -10*d + 7*d + t. Calculate the highest common divisor of d and 31.
31
Suppose -2*n = -4*j + 94, -2*j + 5*n = 3*n - 46. Suppose -5 = -r + j. Calculate the highest common divisor of 319 and r.
29
Let d be (23/((-345)/50))/((-1)/24). Calculate the greatest common factor of d and 400.
80
Let u(j) = j - 6*j + 5*j**2 + 67 - 59. Let y be u(4). What is the greatest common divisor of y and 17?
17
Let q(s) = -s**3 - 11*s**2 + 37*s - 39. Let w be q(-17). Calculate the greatest common divisor of 26 and w.
26
Suppose -3*w + 45 = 2*i, 3*i - w - 1 - 83 = 0. Let s = 55 - i. Calculate the highest common divisor of s and 7.
7
Suppose 0 = 5*y + 4*u - 398, 5*u - 154 - 246 = -5*y. Calculate the highest common factor of 273 and y.
39
Let q be 8/((-32)/110)*24/(-5). Calculate the highest common divisor of q and 11.
11
Suppose a + 5461 = 5*s, -a + 5459 = -7*s + 12*s. What is the highest common divisor of s and 24?
12
Suppose 100*c = 8187 + 54513. Calculate the highest common divisor of 33 and c.
33
Let z = -630 - -798. What is the highest common divisor of z and 140?
28
Let a(x) = 4*x**2 + 2*x + 9. Let d(l) = -9*l**2 - 5*l - 17. Let v(p) = -13*a(p) - 6*d(p). Let o be v(-7). Calculate the highest common factor of o and 5.
5
Suppose -4*y = -3*u + 2283 + 2165, 5*y = 3*u - 4444. What is the highest common factor of u and 48?
48
Let g be (-15)/(-25) - (-7)/5. Suppose -3*j - g*j = -290. Suppose -2*a = -m - 171, -a + 2*a - 102 = -5*m. What is the highest common factor of j and a?
29
Let u be (20/2 - 4)/2. Let h = 6 + -2. Suppose u*c - 13 = -h. What is the greatest common factor of 3 and c?
3
Let i = -7 + 10. Suppose w = -2*w + i. Let u = w + 1. Calculate the highest common factor of u and 10.
2
Suppose -6*l - 65 = -l. Let d be 4 + (-2 - -5 - l). Calculate the greatest common factor of d and 20.
20
Suppose 269 = -25*k + 27*k + h, -2*h + 10 = 0. Calculate the greatest common factor of k and 220.
44
Let s be (-3)/2*(-4)/(-12)*-10. Let c be s/(-25) + (-1051)/(-5). What is the highest common divisor of 42 and c?
42
Let r(v) = 16*v + 1. Let b be (-4)/(-3) + 2/(-6). Let m be r(b). Let c be 0 - -1 - (3 - m). Calculate the highest common factor of c and 5.
5
Let o be 5/30 + 199/(-6). Let t = 17 + o. Let m = 24 - t. Calculate the greatest common factor of m and 60.
20
Suppose 2*a - 14 = a. Let h be (-27)/2*a/(-7). Suppose 0 = -5*i - 0*i + 2*q + 550, -5*i - 4*q + 520 = 0. Calculate the highest common divisor of i and h.
27
Let c = -79 - -87. Suppose m + 56 = c*m. What is the highest common divisor of m and 8?
8
Let l = -394 - -759. Let g = l + -203. What is the highest common factor of g and 108?
54
Let f = -12 - -32. Let q = -21 - -13. Let y(d) = d**2 + 5*d - 4. Let k be y(q). Calculate the highest common factor of f and k.
20
Let n(o) = o**2 + 33*o + 317. Let i be n(-22). What is the greatest common divisor of 165 and i?
15
Let j = -57 + 75. Calculate the greatest common factor of j and 90.
18
Let x(h) = h**2 - 13*h + 38. Let f be x(9). Let p = 3 - -5. What is the highest common divisor of f and p?
2
Suppose 21 = 7*v - 7. Suppose v*j - 379 = -19. Calculate the greatest common factor of 36 and j.
18
Suppose -5*k = 5*g - 6*k - 852, k = -4*g + 678. Suppose c = 4*c - 204. Calculate the highest common factor of g and c.
34
Let k be 58 - (-7 - (-39)/3). Calculate the greatest common divisor of 208 and k.
52
Suppose -147 = -4*h + 109. What is the highest common divisor of h and 4?
4
Let b be (19/((-76)/480))/((-9)/24). What is the highest common factor of b and 240?
80
Suppose -3*b + 4*d + 70 = 3*d, -4*b - 5*d = -125. Calculate the greatest common factor of b and 5.
5
Suppose 74 = 3*w - 4*r, 5*w - 134 = 26*r - 22*r. What is the highest common divisor of w and 1590?
30
Let y(f) = f**2 - 3. Let q be y(1). Let o be (q - -6) + 1 + 2. What is the highest common divisor of o and 56?
7
Let d be (-3)/(-33)*923 - 3/(-33). Let q = 19 - -5. Suppose 0*v - 2*v = -q. Calculate the greatest common factor of d and v.
12
Let f be (-11)/11*(-2)/2. Suppose 3*g = 2*r + 21, -3*r + 2 = -2*r + g. Let v be f/r - 44/(-33). Calculate the greatest common factor of v and 11.
1
Let r = -124 - -120. Let s be r/(-14) + 3514/49. Calculate the highest common divisor of 8 and s.
8
Let i(w) = w**3 + 39*w**2 + 3*w + 122. Let u be i(-39). What is the greatest common factor of u and 45?
5
Suppose -3*g + g = -2. Let y be 49/6 - g/6. Let t be 0 + 0 - (4 - 5). What is the highest common divisor of y and t?
1
Suppose 3*f - 5 = 4. Let l be ((-428)/(-749))/((-2)/(-21)). Calculate the highest common factor of f and l.
3
Suppose 5*z + 35 = 0, -783*z - 11 = -m - 782*z. Let d = 8 - 5. What is the greatest common factor of m and d?
1
Let g = 451 - 275. Calculate the greatest common factor of g and 8.
8
Suppose -3*j - 182 = -j. Let h be j*-1*(2 + -1). What is the highest common divisor of h and 13?
13
Let m = 485 + -468. What is the greatest common divisor of 1921 and m?
17
Suppose -120 = -0*d + 4*d. Let h = d + 55. Let i = -22 + h. What is the greatest common factor of 2 and i?
1
Let x be 208/5 - (-6)/15. Let n(p) = p**2 - 25*p - 423. Let v be n(37). Calculate the highest common divisor of v and x.
21
Suppose -3*v = -8*v + 15. Suppose -2*s = -v*s + 19. What is the greatest common factor of s and 95?
19
Let o be (-2 + 1)/(2/212). Let k be (o + -8)*6/(-4). Suppose 4*x = -2*n + 66, 0 = 5*x + n + 2*n - 80. Calculate the greatest common divisor of x and k.
19
Suppose 5*t = 3*a - 178, t + 226 = a + 3*a. Calculate the highest common factor of a and 49.
7
Suppose -g - 72 = -3*g + 4*m, -5*m = -20. Let s = -76 + 80. What is the highest common divisor of g and s?
4
Suppose 32*z - 27*z = 130. Suppose -81*p - z = -83*p. Ca